{"id":2,"date":"2018-04-11T14:41:03","date_gmt":"2018-04-11T12:41:03","guid":{"rendered":"http:\/\/thehiketribe.com\/de\/?page_id=2"},"modified":"2021-03-08T14:08:11","modified_gmt":"2021-03-08T13:08:11","slug":"ueber-uns","status":"publish","type":"page","link":"https:\/\/thehiketribe.com\/de\/ueber-uns\/","title":{"rendered":"\u00dcber uns"},"content":{"rendered":"<p>Wir haben unseren Blog <strong>TheHikeTribe<\/strong> gestartet um unsere Outdoor-Abenteuer zu dokumentieren und damit unsere Freunde und Familien sich besser vorstellen k\u00f6nnen was wir auf unseren Reisen erleben und sehen.<\/p>\n<p>Unser Ziel ist es unsere Leser, Freunde und Verwandte f\u00fcr Aktivit\u00e4ten in der Natur zu begeistern und zu inspirieren. Gerne helfen wir auch bei Fragen und geben individuelle Tipps zu Touren, Ausr\u00fcstung und Vorbereitung soweit es uns m\u00f6glich ist.<\/p>\n<div id='gallery-1' class='gallery galleryid-2 gallery-columns-3 gallery-size-thumbnail'><figure class='gallery-item'>\n\t\t\t<div class='gallery-icon landscape'>\n\t\t\t\t<img loading=\"lazy\" decoding=\"async\" width=\"150\" height=\"150\" src=\"https:\/\/thehiketribe.com\/de\/wp-content\/uploads\/LEKI-Wanderst\u00f6cke-Cressida-Damen-Test-150x150.jpg\" class=\"attachment-thumbnail size-thumbnail\" alt=\"\" srcset=\"https:\/\/thehiketribe.com\/de\/wp-content\/uploads\/LEKI-Wanderst\u00f6cke-Cressida-Damen-Test-150x150.jpg 150w, https:\/\/thehiketribe.com\/de\/wp-content\/uploads\/LEKI-Wanderst\u00f6cke-Cressida-Damen-Test-50x50.jpg 50w\" sizes=\"(max-width: 150px) 100vw, 150px\" \/>\n\t\t\t<\/div><\/figure><figure class='gallery-item'>\n\t\t\t<div class='gallery-icon landscape'>\n\t\t\t\t<img loading=\"lazy\" decoding=\"async\" width=\"150\" height=\"150\" src=\"https:\/\/thehiketribe.com\/de\/wp-content\/uploads\/Rota-Vicentina-Sandweg-150x150.jpg\" class=\"attachment-thumbnail size-thumbnail\" alt=\"\" srcset=\"https:\/\/thehiketribe.com\/de\/wp-content\/uploads\/Rota-Vicentina-Sandweg-150x150.jpg 150w, https:\/\/thehiketribe.com\/de\/wp-content\/uploads\/Rota-Vicentina-Sandweg-50x50.jpg 50w\" sizes=\"(max-width: 150px) 100vw, 150px\" \/>\n\t\t\t<\/div><\/figure><figure class='gallery-item'>\n\t\t\t<div class='gallery-icon landscape'>\n\t\t\t\t<img loading=\"lazy\" decoding=\"async\" width=\"150\" height=\"150\" src=\"https:\/\/thehiketribe.com\/de\/wp-content\/uploads\/Ausblick-Kuestenwanderung-Algarve-150x150.jpg\" class=\"attachment-thumbnail size-thumbnail\" alt=\"\" srcset=\"https:\/\/thehiketribe.com\/de\/wp-content\/uploads\/Ausblick-Kuestenwanderung-Algarve-150x150.jpg 150w, https:\/\/thehiketribe.com\/de\/wp-content\/uploads\/Ausblick-Kuestenwanderung-Algarve-50x50.jpg 50w\" sizes=\"(max-width: 150px) 100vw, 150px\" \/>\n\t\t\t<\/div><\/figure>\n\t\t<\/div>\n\n<p>Auf unserem Blog findest du neben unseren Tourenberichten auch verschiedene Tipps zu Reisezielen, der <a href=\"https:\/\/thehiketribe.com\/de\/wanderkleidung\/\">richtigen Wanderbekleidung<\/a> f\u00fcr jedes Wetter, Erfahrungs- und Testberichte zu Wanderschuhen, Wanderst\u00f6cken, <a href=\"https:\/\/thehiketribe.com\/de\/wanderrucksack\/\">Wanderrucks\u00e4cken<\/a> und vieles mehr.<\/p>\n<hr>\n<h2>Die Geschichte von TheHikeTribe<\/h2>\n<p><b>September 2017<\/b> &#8211; Jan ist mit seinem Bruder in Malaysia und besteigt den <a href=\"https:\/\/thehiketribe.com\/de\/gunung-tahan-trekking\/\">Mount Tahan<\/a> &#8211; die Erlebnisse und Eindr\u00fccke dieser Tour durch den malayischen Regenwald h\u00e4lt er per Email fest, Berichte werden \u00fcber WhatsApp und Facebook an Freunde und Familie geteilt. Erste Ideen einen Outdoorblog zu starten werden besprochen.<\/p>\n<p><b>M\u00e4rz 2018<\/b> &#8211; Wir reisen im Van durch Neuseeland. Die zahlreichen Erlebnisse werden in Bildern und Notizen gesammelt. Die Domain TheHikeTribe.com wird registriert, ein Logo entwickelt und erste Themen notiert.<\/p>\n<p><b>April 2018<\/b> &#8211; Unser <a href=\"https:\/\/thehiketribe.com\/de\/\">Wanderblog<\/a> geht online und die ersten Artikel werden ver\u00f6ffentlicht. Dabei werden vor allem Touren aus der Vergangenheit &#8222;aufgearbeitet&#8220;.<\/p>\n<p><b>Mai 2018<\/b> &#8211; Von unserer &#8222;Basis&#8220; in Casablanca arbeiten wir an verschiedenen Tourenberichten und erkunden unter anderem das <a href=\"https:\/\/thehiketribe.com\/de\/imlil\/\">hohe Atlasgebirge um Imlil<\/a> und das Paradise Valley in der N\u00e4he von Agadir.<\/p>\n<p><b>Juni 2018<\/b> &#8211; Die Planung weiterer Touren f\u00fcr dieses Jahr nimmt Form an und wir reisen nach <a href=\"https:\/\/thehiketribe.com\/de\/jebel-zalagh-trail\/\">Fes<\/a> und <a href=\"https:\/\/thehiketribe.com\/de\/chefchaouen\/\">Chefchaouen<\/a> um das Rif-Gebirge zu erkunden.<\/p>\n<p><b>Juli 2018<\/b> &#8211; Wir haben Marokko verlassen und bereisen mit dem HikeTribeVan, einem selbst ausgebauten Ford Transit Connect, Europa. Unsere erste Station ist dabei Luzern, wo wir einen Teil vom Emmenuferweg entlangwandern.<\/p>\n<p><b>August 2018<\/b> &#8211; Nach Familienbesuchen in Bern und Lyon, reisen wir entlang der franz\u00f6sischen und spanischen Atlantikk\u00fcste. Neben zahlreichen Surfspots halten wir uns einige Tage im <a href=\"https:\/\/thehiketribe.com\/de\/picos-de-europa\/\">nordspanischen Nationalpark &#8222;Picos de Europa&#8220;<\/a> auf und wandern dort zum Naranjo de Bulnes.<\/p>\n<p><b>September 2018<\/b> &#8211; Unseren Van-Trip durch Europa haben wir in Pataias vor\u00fcbergehend pausiert und einen Monat dort den Sp\u00e4tsommer genossen, viel am Blog gearbeitet und sind auch eine Etappe vom <a href=\"https:\/\/thehiketribe.com\/de\/jakobsweg-portugal\/\">portugiesischen Jakobsweg<\/a> gewandert.<\/p>\n<p><b>Oktober 2018<\/b> &#8211; Die Planungen f\u00fcr unsere <a href=\"https:\/\/thehiketribe.com\/de\/bloggerwanderung-algarve\/\">Bloggerwanderung an der Algarve<\/a> wurden konkreter und wir haben Kontakt mit verschiedenen Bloggern aufgenommen um sie als Teilnehmer f\u00fcr unser Event zu gewinnen. Jasmin war kurz in der Schweiz und ist unter anderem auf der <a href=\"https:\/\/thehiketribe.com\/de\/rigi-mark-twain-weg\/\">Rigi Kulm<\/a> gewesen.<\/p>\n<p><b>November 2018<\/b> &#8211; Der Herbst ist die ideale Zeit um in Portugal an der Algarve wandern zu gehen. Im November sind die Unterk\u00fcnfte g\u00fcnstig und es ist nicht mehr so hei\u00df. Wir haben eine Tour auf der Rota Vicentina gemacht und einen Artikel zum Thema <a href=\"https:\/\/thehiketribe.com\/de\/wandern-im-november\/\">Wandern im November<\/a> geschrieben.<\/p>\n<p><b>Dezember 2018<\/b> &#8211; Jan verbringt einige Tage in <a href=\"https:\/\/thehiketribe.com\/de\/marokko\/\">Marokko<\/a>. Zur Weihnachtszeit besuchen wir die Heimat und planen unsere Wanderungen f\u00fcr den kommenden Madeira Urlaub.<\/p>\n<hr>\n<p><b>Januar 2019<\/b> &#8211; Im Januar machen wir unseren lang ersehnten <a href=\"https:\/\/thehiketribe.com\/de\/madeira\/\">Wanderurlaub auf Madeira<\/a>. Neun Tage lang wandern wir entlang <a href=\"https:\/\/thehiketribe.com\/de\/levada-wanderung\/\">Levadas<\/a>, besteigen den <a href=\"https:\/\/thehiketribe.com\/de\/pico-grande\/\">Pico Grande<\/a> und bestaunen die vielf\u00e4ltige Natur der Blumeninsel.<\/p>\n<p><b>Februar 2019<\/b> &#8211; Im Februar haben wir uns den Blautopf angeschaut und dort eine kleine Winterwanderung gemacht. Dann sind wir f\u00fcr einige Tage in <a href=\"https:\/\/thehiketribe.com\/de\/luzern\/\">Luzern<\/a> gewesen und haben dort die <a href=\"https:\/\/thehiketribe.com\/de\/waldstaetterweg-etappe-3\/\">3. Etappe des Waldst\u00e4tterwegs<\/a> gemacht.<\/p>\n<p><b>M\u00e4rz 2019<\/b> &#8211; Nach einer l\u00e4ngeren Zeit in Deutschland und in der Schweiz steht im M\u00e4rz unsere R\u00fcckkehr auf Bali an. Wir planen einige <a href=\"https:\/\/thehiketribe.com\/de\/bali\/\">Wanderungen auf Bali<\/a>, aber auch Touren auf anderen Inseln in Indonesien, um in den kommenden sechs Monaten unsere Wanderlust so gut wie m\u00f6glich zu befriedigen.<\/p>\n<p><b>April 2019:<\/b> Im April hiess es erstmal auf Bali ankommen, Freunde wiedertreffen, orientieren und mental und k\u00f6rperlich auf die vielen Besteigungen im Mai vorbereiten.<\/p>\n<p><b>Mai 2019:<\/b> Nachdem der April sehr ruhig war haben wir im Mai gleich zwei Besteigungen auf Bali gemacht: <a href=\"https:\/\/thehiketribe.com\/de\/batukaru-besteigung\/\">Den zweith\u00f6chsten Vulkan Balis Batukaru<\/a> und den <a href=\"https:\/\/thehiketribe.com\/de\/lempuyang-besteigung\/\">Gunung Lempuyang<\/a>. Ende Mai sind wir dann nach <a href=\"https:\/\/thehiketribe.com\/de\/lombok\/\">Lombok<\/a> gereist, die ruhige Nachbarinsel Balis, um einige Wanderungen zu unternehmen. Jan hat den Rinjani bestiegen, wir haben die Wasserf\u00e4lle Tiu Kelep und Sendang Gile besichtigt und sind f\u00fcr einen unvergesslichen Sonnenaufgang auf den <a href=\"https:\/\/thehiketribe.com\/de\/pergasingan-hill\/\">Aussichtsberg Pergasingan Hill gestiegen<\/a>.<\/p>\n<p><b>Juni und Juli 2019:<\/b> Nach Lombok mussten wir erstmal umziehen und in unserem neuen Zuhause in Canggu ankommen. Im Juli haben wir Jasmins 30. Geburtstag im S\u00fcden der Insel verbracht.<\/p>\n<p><b>August 2019:<\/b> Im August haben wir uns an eine anspruchsvolle aber auch spektakul\u00e4re Vulkanbesteigung gemacht. Der <a href=\"https:\/\/thehiketribe.com\/de\/mount-abang-bali\/\">Gunung Abang Aufstieg zum Sunrise<\/a> hat uns einiges an Kraft abverlangt, er war aber jede M\u00fche wert. Ende August ist Jan mit unserem balinesischen Freund und Mountainguide Bagawata au\u00dferdem noch auf den Pucak Manggu gestiegen. <\/p>\n<p><b>September 2019:<\/b> Im September ging es f\u00fcr uns zur\u00fcck nach Europa. Bei einem kurzen Familienbesuch machte sich Jan auf eine <a href=\"https:\/\/thehiketribe.com\/de\/wolfswarte-harz\/\">Wanderung zur Wolfswarte im Harz<\/a>. Dann ging es in den Kosovo wo wir auf dem Oshlak Trail im Sharr Nationalpark wandern waren.<\/p>\n<p><b>Oktober 2019:<\/b> Nach unserem Aufenthalt im Kosovo ging es direkt in die Schweiz, wo wir einen Teil unserer Familie in Luzern besucht haben. Nat\u00fcrlich waren wir auch wandern und haben Wanderungen zum Pilatus, auf den B\u00fcrgenst\u00f6ck und das <a href=\"https:\/\/thehiketribe.com\/de\/bruenigpass-brienzer-rothorn\/\">Brienzer Rothorn<\/a> gemacht.<\/p>","protected":false},"excerpt":{"rendered":"<p>Wir haben unseren Blog TheHikeTribe gestartet um unsere Outdoor-Abenteuer zu dokumentieren und damit unsere Freunde und Familien sich besser vorstellen k\u00f6nnen was wir auf unseren Reisen erleben und sehen. Unser Ziel ist es unsere Leser, Freunde und Verwandte f\u00fcr Aktivit\u00e4ten in der Natur zu begeistern und zu inspirieren. Gerne helfen<\/p>\n","protected":false},"author":2,"featured_media":0,"parent":0,"menu_order":0,"comment_status":"closed","ping_status":"closed","template":"","meta":{"footnotes":""},"class_list":["post-2","page","type-page","status-publish","hentry"],"_links":{"self":[{"href":"https:\/\/thehiketribe.com\/de\/wp-json\/wp\/v2\/pages\/2"}],"collection":[{"href":"https:\/\/thehiketribe.com\/de\/wp-json\/wp\/v2\/pages"}],"about":[{"href":"https:\/\/thehiketribe.com\/de\/wp-json\/wp\/v2\/types\/page"}],"author":[{"embeddable":true,"href":"https:\/\/thehiketribe.com\/de\/wp-json\/wp\/v2\/users\/2"}],"replies":[{"embeddable":true,"href":"https:\/\/thehiketribe.com\/de\/wp-json\/wp\/v2\/comments?post=2"}],"version-history":[{"count":10,"href":"https:\/\/thehiketribe.com\/de\/wp-json\/wp\/v2\/pages\/2\/revisions"}],"predecessor-version":[{"id":12662,"href":"https:\/\/thehiketribe.com\/de\/wp-json\/wp\/v2\/pages\/2\/revisions\/12662"}],"wp:attachment":[{"href":"https:\/\/thehiketribe.com\/de\/wp-json\/wp\/v2\/media?parent=2"}],"curies":[{"name":"wp","href":"https:\/\/api.w.org\/{rel}","templated":true}]}}

Über uns

<p>Wir haben unseren Blog <strong>TheHikeTribe</strong> gestartet um unsere Outdoor-Abenteuer zu dokumentieren und damit unsere Freunde und Familien sich besser vorstellen können was wir auf unseren Reisen erleben und sehen.</p>
<p>Unser Ziel ist es unsere Leser, Freunde und Verwandte für Aktivitäten in der Natur zu begeistern und zu inspirieren. Gerne helfen wir auch bei Fragen und geben individuelle Tipps zu Touren, Ausrüstung und Vorbereitung soweit es uns möglich ist.</p>
<div id='gallery-1' class='gallery galleryid-2 gallery-columns-3 gallery-size-thumbnail'><figure class='gallery-item'>
			<div class='gallery-icon landscape'>
				<img loading="lazy" decoding="async" width="150" height="150" src="https://thehiketribe.com/de/wp-content/uploads/LEKI-Wanderstöcke-Cressida-Damen-Test-150x150.jpg" class="attachment-thumbnail size-thumbnail" alt="" srcset="https://thehiketribe.com/de/wp-content/uploads/LEKI-Wanderstöcke-Cressida-Damen-Test-150x150.jpg 150w, https://thehiketribe.com/de/wp-content/uploads/LEKI-Wanderstöcke-Cressida-Damen-Test-50x50.jpg 50w" sizes="(max-width: 150px) 100vw, 150px" />
			</div></figure><figure class='gallery-item'>
			<div class='gallery-icon landscape'>
				<img loading="lazy" decoding="async" width="150" height="150" src="https://thehiketribe.com/de/wp-content/uploads/Rota-Vicentina-Sandweg-150x150.jpg" class="attachment-thumbnail size-thumbnail" alt="" srcset="https://thehiketribe.com/de/wp-content/uploads/Rota-Vicentina-Sandweg-150x150.jpg 150w, https://thehiketribe.com/de/wp-content/uploads/Rota-Vicentina-Sandweg-50x50.jpg 50w" sizes="(max-width: 150px) 100vw, 150px" />
			</div></figure><figure class='gallery-item'>
			<div class='gallery-icon landscape'>
				<img loading="lazy" decoding="async" width="150" height="150" src="https://thehiketribe.com/de/wp-content/uploads/Ausblick-Kuestenwanderung-Algarve-150x150.jpg" class="attachment-thumbnail size-thumbnail" alt="" srcset="https://thehiketribe.com/de/wp-content/uploads/Ausblick-Kuestenwanderung-Algarve-150x150.jpg 150w, https://thehiketribe.com/de/wp-content/uploads/Ausblick-Kuestenwanderung-Algarve-50x50.jpg 50w" sizes="(max-width: 150px) 100vw, 150px" />
			</div></figure>
		</div>

<p>Auf unserem Blog findest du neben unseren Tourenberichten auch verschiedene Tipps zu Reisezielen, der <a href="https://thehiketribe.com/de/wanderkleidung/">richtigen Wanderbekleidung</a> für jedes Wetter, Erfahrungs- und Testberichte zu Wanderschuhen, Wanderstöcken, <a href="https://thehiketribe.com/de/wanderrucksack/">Wanderrucksäcken</a> und vieles mehr.</p>
<hr>
<h2>Die Geschichte von TheHikeTribe</h2>
<p><b>September 2017</b> &#8211; Jan ist mit seinem Bruder in Malaysia und besteigt den <a href="https://thehiketribe.com/de/gunung-tahan-trekking/">Mount Tahan</a> &#8211; die Erlebnisse und Eindrücke dieser Tour durch den malayischen Regenwald hält er per Email fest, Berichte werden über WhatsApp und Facebook an Freunde und Familie geteilt. Erste Ideen einen Outdoorblog zu starten werden besprochen.</p>
<p><b>März 2018</b> &#8211; Wir reisen im Van durch Neuseeland. Die zahlreichen Erlebnisse werden in Bildern und Notizen gesammelt. Die Domain TheHikeTribe.com wird registriert, ein Logo entwickelt und erste Themen notiert.</p>
<p><b>April 2018</b> &#8211; Unser <a href="https://thehiketribe.com/de/">Wanderblog</a> geht online und die ersten Artikel werden veröffentlicht. Dabei werden vor allem Touren aus der Vergangenheit &#8222;aufgearbeitet&#8220;.</p>
<p><b>Mai 2018</b> &#8211; Von unserer &#8222;Basis&#8220; in Casablanca arbeiten wir an verschiedenen Tourenberichten und erkunden unter anderem das <a href="https://thehiketribe.com/de/imlil/">hohe Atlasgebirge um Imlil</a> und das Paradise Valley in der Nähe von Agadir.</p>
<p><b>Juni 2018</b> &#8211; Die Planung weiterer Touren für dieses Jahr nimmt Form an und wir reisen nach <a href="https://thehiketribe.com/de/jebel-zalagh-trail/">Fes</a> und <a href="https://thehiketribe.com/de/chefchaouen/">Chefchaouen</a> um das Rif-Gebirge zu erkunden.</p>
<p><b>Juli 2018</b> &#8211; Wir haben Marokko verlassen und bereisen mit dem HikeTribeVan, einem selbst ausgebauten Ford Transit Connect, Europa. Unsere erste Station ist dabei Luzern, wo wir einen Teil vom Emmenuferweg entlangwandern.</p>
<p><b>August 2018</b> &#8211; Nach Familienbesuchen in Bern und Lyon, reisen wir entlang der französischen und spanischen Atlantikküste. Neben zahlreichen Surfspots halten wir uns einige Tage im <a href="https://thehiketribe.com/de/picos-de-europa/">nordspanischen Nationalpark &#8222;Picos de Europa&#8220;</a> auf und wandern dort zum Naranjo de Bulnes.</p>
<p><b>September 2018</b> &#8211; Unseren Van-Trip durch Europa haben wir in Pataias vorübergehend pausiert und einen Monat dort den Spätsommer genossen, viel am Blog gearbeitet und sind auch eine Etappe vom <a href="https://thehiketribe.com/de/jakobsweg-portugal/">portugiesischen Jakobsweg</a> gewandert.</p>
<p><b>Oktober 2018</b> &#8211; Die Planungen für unsere <a href="https://thehiketribe.com/de/bloggerwanderung-algarve/">Bloggerwanderung an der Algarve</a> wurden konkreter und wir haben Kontakt mit verschiedenen Bloggern aufgenommen um sie als Teilnehmer für unser Event zu gewinnen. Jasmin war kurz in der Schweiz und ist unter anderem auf der <a href="https://thehiketribe.com/de/rigi-mark-twain-weg/">Rigi Kulm</a> gewesen.</p>
<p><b>November 2018</b> &#8211; Der Herbst ist die ideale Zeit um in Portugal an der Algarve wandern zu gehen. Im November sind die Unterkünfte günstig und es ist nicht mehr so heiß. Wir haben eine Tour auf der Rota Vicentina gemacht und einen Artikel zum Thema <a href="https://thehiketribe.com/de/wandern-im-november/">Wandern im November</a> geschrieben.</p>
<p><b>Dezember 2018</b> &#8211; Jan verbringt einige Tage in <a href="https://thehiketribe.com/de/marokko/">Marokko</a>. Zur Weihnachtszeit besuchen wir die Heimat und planen unsere Wanderungen für den kommenden Madeira Urlaub.</p>
<hr>
<p><b>Januar 2019</b> &#8211; Im Januar machen wir unseren lang ersehnten <a href="https://thehiketribe.com/de/madeira/">Wanderurlaub auf Madeira</a>. Neun Tage lang wandern wir entlang <a href="https://thehiketribe.com/de/levada-wanderung/">Levadas</a>, besteigen den <a href="https://thehiketribe.com/de/pico-grande/">Pico Grande</a> und bestaunen die vielfältige Natur der Blumeninsel.</p>
<p><b>Februar 2019</b> &#8211; Im Februar haben wir uns den Blautopf angeschaut und dort eine kleine Winterwanderung gemacht. Dann sind wir für einige Tage in <a href="https://thehiketribe.com/de/luzern/">Luzern</a> gewesen und haben dort die <a href="https://thehiketribe.com/de/waldstaetterweg-etappe-3/">3. Etappe des Waldstätterwegs</a> gemacht.</p>
<p><b>März 2019</b> &#8211; Nach einer längeren Zeit in Deutschland und in der Schweiz steht im März unsere Rückkehr auf Bali an. Wir planen einige <a href="https://thehiketribe.com/de/bali/">Wanderungen auf Bali</a>, aber auch Touren auf anderen Inseln in Indonesien, um in den kommenden sechs Monaten unsere Wanderlust so gut wie möglich zu befriedigen.</p>
<p><b>April 2019:</b> Im April hiess es erstmal auf Bali ankommen, Freunde wiedertreffen, orientieren und mental und körperlich auf die vielen Besteigungen im Mai vorbereiten.</p>
<p><b>Mai 2019:</b> Nachdem der April sehr ruhig war haben wir im Mai gleich zwei Besteigungen auf Bali gemacht: <a href="https://thehiketribe.com/de/batukaru-besteigung/">Den zweithöchsten Vulkan Balis Batukaru</a> und den <a href="https://thehiketribe.com/de/lempuyang-besteigung/">Gunung Lempuyang</a>. Ende Mai sind wir dann nach <a href="https://thehiketribe.com/de/lombok/">Lombok</a> gereist, die ruhige Nachbarinsel Balis, um einige Wanderungen zu unternehmen. Jan hat den Rinjani bestiegen, wir haben die Wasserfälle Tiu Kelep und Sendang Gile besichtigt und sind für einen unvergesslichen Sonnenaufgang auf den <a href="https://thehiketribe.com/de/pergasingan-hill/">Aussichtsberg Pergasingan Hill gestiegen</a>.</p>
<p><b>Juni und Juli 2019:</b> Nach Lombok mussten wir erstmal umziehen und in unserem neuen Zuhause in Canggu ankommen. Im Juli haben wir Jasmins 30. Geburtstag im Süden der Insel verbracht.</p>
<p><b>August 2019:</b> Im August haben wir uns an eine anspruchsvolle aber auch spektakuläre Vulkanbesteigung gemacht. Der <a href="https://thehiketribe.com/de/mount-abang-bali/">Gunung Abang Aufstieg zum Sunrise</a> hat uns einiges an Kraft abverlangt, er war aber jede Mühe wert. Ende August ist Jan mit unserem balinesischen Freund und Mountainguide Bagawata außerdem noch auf den Pucak Manggu gestiegen. </p>
<p><b>September 2019:</b> Im September ging es für uns zurück nach Europa. Bei einem kurzen Familienbesuch machte sich Jan auf eine <a href="https://thehiketribe.com/de/wolfswarte-harz/">Wanderung zur Wolfswarte im Harz</a>. Dann ging es in den Kosovo wo wir auf dem Oshlak Trail im Sharr Nationalpark wandern waren.</p>
<p><b>Oktober 2019:</b> Nach unserem Aufenthalt im Kosovo ging es direkt in die Schweiz, wo wir einen Teil unserer Familie in Luzern besucht haben. Natürlich waren wir auch wandern und haben Wanderungen zum Pilatus, auf den Bürgenstöck und das <a href="https://thehiketribe.com/de/bruenigpass-brienzer-rothorn/">Brienzer Rothorn</a> gemacht.</p>

<p>Wir haben unseren Blog TheHikeTribe gestartet um unsere Outdoor-Abenteuer zu dokumentieren und damit unsere Freunde und Familien sich besser vorstellen können was wir auf unseren Reisen erleben und sehen. Unser Ziel ist es unsere Leser, Freunde und Verwandte für Aktivitäten in der Natur zu begeistern und zu inspirieren. Gerne helfen</p>
